hen i is divided by g?
34
Let o(f) = -f**2 - 24*f - 2. Suppose -34*j + 50 = -39*j. Let b(v) = v**3 + 9*v**2 - 11*v + 2. What is the remainder when o(-18) is divided by b(j)?
10
Suppose 0 = 121*j - 9689 - 9124 + 3930. What is the remainder when 737 is divided by j?
122
Let y(c) = -15*c + 18. Let v be y(1). Suppose -3*x = -2*g + 73, -4*x - 17 = v. What is the remainder when g is divided by 10?
9
Suppose -281*u + 383*u = 93 + 1335. Suppose 3*g + 218 = 5*g. Calculate the remainder when g is divided by u.
11
Suppose w - 144 = -3*w. Let y(p) = -143*p + 1281. Calculate the remainder when y(8) is divided by w.
29
Suppose -30*j = -31*j + 2. Suppose 0 = r + j*r, 3*r + 90 = -c. Let x = c - -199. What is the remainder when x is divided by 16?
13
Let c(k) = -k**2 + 36. Let i be c(0). Suppose 4*y = 2*y + i. Let q = 1364 + -1293. Calculate the remainder when q is divided by y.
17
Calculate the remainder when 311 is divided by ((-40)/12 - -4)/(6 + 2640/(-441)).
17
Let m(t) = 7*t**2 + 3*t - 8. What is the remainder when m(4) is divided by (-140)/(-1190) + ((-559)/(-17) - -2)?
11
Let u(q) = -4*q**3 + 225*q**2 - 35*q - 57. Calculate the remainder when u(56) is divided by 159.
6
Let z(q) = 5*q + 82. Let r be z(-8). Suppose 105 = 5*t + 2*w, -2*t + 3*w + r = 8*w. What is the remainder when 54 is divided by t?
12
Let m be 1*5/(-5) - 3. What is the remainder when 57 is divided by (2 - m) + 3 + -6?
0
Let m(z) = -z**2 - 10*z - 8. Let d be m(-5). Let t = 19 - d. Calculate the remainder when (-53)/(2*(t + (-20)/8)) is divided by 11.
9
Suppose 622 = s + 282. Suppose s = 5*t - 5*n, -209 = t - 4*t + 4*n. What is the remainder when t is divided by 22?
19
Let x(r) = r**3 - 189*r**2 - 388*r + 1147. What is the remainder when 184 is divided by x(191)?
0
Let i be (8 + 34)/((-5)/(-2) + -1). Let f = -26 + i. Suppose -u - f*l + 36 = 0, -5*u + u = 5*l - 147. Calculate the remainder when u is divided by 10.
8
Let p = -3857 - -3891. Let y(q) = -5*q - 29. What is the remainder when y(-21) is divided by p?
8
Suppose 2*k = 5*h - 356, -2*k + 131 = 2*h + k. Calculate the remainder when h is divided by (-22 - -61) + 105/(-7).
22
Suppose -5*v = -u - 0*u + 232, 5*u + 4*v - 1102 = 0. What is the remainder when u is divided by 16?
14
Suppose 421 + 187 = 2*a. Let j = 1550 + -1536. What is the remainder when a is divided by j?
10
Let x be (2 - -3)*5/((-275)/1287). Let n = x + 138. Calculate the remainder when n is divided by 21.
0
Let z = 414 + -410. Let n = -13 - -1. Let l = -1 - n. Calculate the remainder when l is divided by z.
3
What is the remainder when 2047/(-11 - (-11 + -1)) is divided by 27?
22
Let r = -574 - -618. Suppose 0 = -g, 0 = -2*v + g + 2*g + 48. What is the remainder when r is divided by v?
20
Suppose -6 = 72*z - 74*z. Suppose z*d - 87 = k, -2*d + 0*k + 47 = 3*k. Let v(y) = 3*y**2 - 1. What is the remainder when v(-6) is divided by d?
23
Suppose 10*s - 6*s - 80 = 0. Let a = -11291 + 11322. What is the remainder when a is divided by s?
11
Let m be (-70)/(-22) + 20/(-110). Let u be m/6 + (-315)/(-14). Suppose 2*r - 82 = i, 4*r = 5*i - u + 187. What is the remainder when 162 is divided by r?
39
Let a(m) be the second derivative of 0 + 0*m**2 - 11/20*m**5 - 1/4*m**4 + 8*m - 1/3*m**3. Calculate the remainder when a(-1) is divided by 6.
4
Suppose 65*a + 2015 = 5*r + 60*a, -2*a = 2. What is the remainder when r is divided by 193?
16
Let a(f) = 22*f - 1344. Calculate the remainder when 229 is divided by a(65).
57
Suppose v + 2*v = 270. Suppose -q + 3*f + 22 = 0, -88 = -5*q - 2*f + 39. What is the remainder when v is divided by q?
15
Let a be ((-3)/(-5))/(2/(-30)). Let c be (a/6 - 0)/((-5)/290). Let b = c + 48. What is the remainder when b is divided by 34?
33
Let a be (-3 - -2) + 3/(-6 - -3). Let j be a + (-4)/14 + 290/35. Suppose t = 47 - j. Calculate the remainder when t is divided by 15.
11
Suppose 2315 = 10*t - 1865. Suppose 31*i - t + 77 = 0. What is the remainder when 29 is divided by i?
7
Calculate the remainder when ((-11)/44*(8 - -1))/3*-196 is divided by 25.
22
What is the remainder when (-152300)/(-875) - (-2)/(-35) is divided by 12?
6
Let y be -1 - (-8 + (-3)/(-3)). Let s(r) = -r + 26. Let l(b) = -13. Let a(i) = -5*l(i) - 3*s(i). What is the remainder when 13 is divided by a(y)?
3
What is the remainder when 79 is divided by ((-4320)/42)/(-9) + (-3)/7?
2
Suppose -2*f - 10 = 0, -3*f = 2*j + f - 556. Suppose -9*s + j + 45 = 0. What is the remainder when s is divided by 21?
16
Suppose -31*y + 32*y - 30 = 0. Let c = y - 0. What is the remainder when 148 is divided by c?
28
Let c(g) = -12*g**3 - 36*g**2 - 12*g - 3. Calculate the remainder when c(-4) is divided by 68.
33
Let b be ((-4)/14 - 0) + 36/28. Suppose -2*o = 1 - b. Suppose o*x = 4*i - 4*x - 32, -2*x = 2*i - 8. What is the remainder when 28 is divided by i?
4
Suppose -96 - 60 = -3*b. Calculate the remainder when 5 + (-44 - -9) - -124 is divided by b.
42
Suppose -19*o = -2003 - 1550. Suppose -194*p + 567 = -o*p. What is the remainder when p is divided by 49?
32
Let w = -5112 - -5185. Calculate the remainder when 156 is divided by w.
10
Suppose -y = 4*b - 479 + 91, 4*y = -16. Let x = 70 - b. Let u = 34 + x. Calculate the remainder when 14 is divided by u.
2
Let c(j) = -2*j + 2895. What is the remainder when c(-142) is divided by 37?
34
Let v(o) = o**3 - 20*o**2 + 20*o + 7. Let j be v(19). Suppose 5*s = 2*b + 6*s - j, 3*b - 41 = -2*s. Calculate the remainder when 75 is divided by b.
9
Calculate the remainder when 1296 is divided by (-186)/(-1209) + (43072/234 - 4/18).
8
Let x be (156/(-18) - -6)*(-3)/4. Suppose 5*v - 13 = -a, 2*v - 24 = -3*a + x. Calculate the remainder when 38 is divided by a.
6
Suppose 854 + 1556 = 5*f + 5*n, -1932 = -4*f - 5*n. What is the remainder when f is divided by 133?
79
Suppose 2460 = 11*u - u. Suppose u = 3*p + 135. What is the remainder when p is divided by (-32)/(-3) + (-4)/6?
7
Let d(k) = 20*k - 951. Suppose -4*j = -5*j + 51. Calculate the remainder when j is divided by d(48).
6
Let d = 797 + -377. Let i = d - 391. What is the remainder when 97 is divided by i?
10
Let o(w) = -23*w - 1. Let d be o(-1). Suppose 0 = -170*s + 14439 + 13951. Suppose s = 23*l - d*l. What is the remainder when l is divided by 28?
27
Let d(q) = q**3 + 18*q**2 - 180*q - 81. Calculate the remainder when 387 is divided by d(-25).
35
Let i(z) = -115*z - 26. Calculate the remainder when i(-7) is divided by 99.
86
Let i(r) = -2*r + 15. Let n(l) = 3*l - 14. Let a(s) = 6*i(s) + 5*n(s). Let h be a(-8). What is the remainder when h + 40 + 7 + 1 + -1 is divided by 22?
21
Suppose 0 = 2*u - 3*n - 136, 3*n = -n. Let r = -22696 - -23511. What is the remainder when r is divided by u?
67
Let c be 1/(-8)*4 + (-77)/(-2). Let v = c - 16. What is the remainder when 148 is divided by v?
16
Let x = -3425 + 3434. Calculate the remainder when 695 is divided by x.
2
Suppose -67680 = -21*x - 10707. What is the remainder when x is divided by 4?
1
Suppose 4*c - 16614 + 84231 = 37*c. Calculate the remainder when c is divided by 228.
225
Let z(o) = -o**2 - 14*o - 11. Let c be z(-7). Suppose 0 = -37*p + c*p - 45. Suppose p = 5*n - 45. Calculate the remainder when 71 is divided by n.
17
Let d = -2032 - -2207. Calculate the remainder when d is divided by 23.
14
Suppose -30 = -3*d - 6. Suppose 10*y = -d*y + 270. Calculate the remainder when 104 is divided by y.
14
Let h = 5830 + -5797. Calculate the remainder when h is divided by 1/2*-2 - -10.
6
Suppose 2*g - 13 = -157. Let y = g + 66. Let i = y - -49. Calculate the remainder when i is divided by 8.
3
What is the remainder when 2975 is divided by ((-448)/(-35))/(-10 + 936/90)?
31
Let n be (5 - 2) + (-46)/(-2). What is the remainder when 105 + (n/4 - 4/8) is divided by 17?
9
Let w(d) = d**3 - 9*d**2 + 16*d + 4. Let o be w(8). Suppose -122 = -l - o. Calculate the remainder when l is divided by 28.
26
Let y be (-6)/27*3*6*5. Let l = 67 - y. What is the remainder when l is divided by 18?
15
Calculate the remainder when (13916/(-147) - (-4)/6)*-3 is divided by 77.
51
Suppose -28*v + 31*v - 68 = 4*a, -v - a = -32. Suppose -5*b = -608 + 53. Calculate the remainder when b is divided by v.
27
Let f be -5*((-6)/(-2) + (-228)/60). Suppose -f*o + 612 = -o. Calculate the remainder when o is divided by 52.
48
Wh